{"id":187,"date":"2014-08-04T12:46:46","date_gmt":"2014-08-04T10:46:46","guid":{"rendered":"http:\/\/svzweckel.de\/\/?page_id=187"},"modified":"2025-09-21T14:52:57","modified_gmt":"2025-09-21T12:52:57","slug":"fussballkindergarten","status":"publish","type":"page","link":"https:\/\/www.svzweckel.de\/?page_id=187","title":{"rendered":"Fu\u00dfballkindergarten"},"content":{"rendered":"<h4 style=\"text-align: center;\">\u00a0<span style=\"font-size: 20px; color: #008000;\"><strong><span style=\"font-family: arial,helvetica,sans-serif;\">Zweckler &#8211; Fussballzwerge Jahrgang 2021<\/span><\/strong><\/span><\/h4>\n<p><!--more--><\/p>\n<p style=\"text-align: center;\"><span style=\"font-size: 24pt;\"><strong>Foto folgt!<\/strong><\/span><\/p>\n<p>Wie in den vergangenen Jahren bietet der SV Zweckel auch f\u00fcr die kommende Saison wieder<br \/>\nseinen Fussballkindergarten f\u00fcr Jungen und M\u00e4dchen an.<\/p>\n<p>Das Angebot richtet sich an alle fu\u00dfballbegeisterten Kindergartenkinder des Jahrgangs<br \/>\n2021. Der Fussballkindergarten findet einmal in der Woche statt und soll den Kindern Spa\u00df<br \/>\nan der Bewegung und Freude am Fussball vermitteln. Es werden motorisch-koordinative und<br \/>\nfussballspezifische Bewegungsabl\u00e4ufe geschult.<\/p>\n<p>Durch den nat\u00fcrlichen Spiel- und Bewegungsdrang werden die Kinder an den Fussball<br \/>\nherangef\u00fchrt. Die Kinder k\u00f6nnen so erste Erfahrungen im Bereich Teamf\u00e4higkeit und trainieren<br \/>\nin einer Gruppe sammeln. Anschlie\u00dfend besteht dann die M\u00f6glichkeit in die G-Jugend<br \/>\ndes SV Zweckel zu wechseln.<\/p>\n<h5><strong>Trainerin:<\/strong><\/h5>\n<p>Vanessa Ma\u00dfeling (Inhaberin FLVW Kindertrainerzertifikat)<\/p>\n<h5><strong>Trainingszeit:<\/strong><\/h5>\n<p>Freitag: 16:30 &#8211; 17:30 Uhr<\/p>\n<h5><strong>Kontakt:<\/strong><\/h5>\n<p>0173 \/ 6342228<\/p>\n","protected":false},"excerpt":{"rendered":"<p>\u00a0Zweckler &#8211; Fussballzwerge Jahrgang 2021<\/p>\n","protected":false},"author":3,"featured_media":0,"parent":0,"menu_order":0,"comment_status":"open","ping_status":"closed","template":"page-onecolumn.php","meta":{"footnotes":""},"class_list":["post-187","page","type-page","status-publish","hentry"],"jetpack_sharing_enabled":true,"_links":{"self":[{"href":"https:\/\/www.svzweckel.de\/index.php?rest_route=\/wp\/v2\/pages\/187","targetHints":{"allow":["GET"]}}],"collection":[{"href":"https:\/\/www.svzweckel.de\/index.php?rest_route=\/wp\/v2\/pages"}],"about":[{"href":"https:\/\/www.svzweckel.de\/index.php?rest_route=\/wp\/v2\/types\/page"}],"author":[{"embeddable":true,"href":"https:\/\/www.svzweckel.de\/index.php?rest_route=\/wp\/v2\/users\/3"}],"replies":[{"embeddable":true,"href":"https:\/\/www.svzweckel.de\/index.php?rest_route=%2Fwp%2Fv2%2Fcomments&post=187"}],"version-history":[{"count":3,"href":"https:\/\/www.svzweckel.de\/index.php?rest_route=\/wp\/v2\/pages\/187\/revisions"}],"predecessor-version":[{"id":18468,"href":"https:\/\/www.svzweckel.de\/index.php?rest_route=\/wp\/v2\/pages\/187\/revisions\/18468"}],"wp:attachment":[{"href":"https:\/\/www.svzweckel.de\/index.php?rest_route=%2Fwp%2Fv2%2Fmedia&parent=187"}],"curies":[{"name":"wp","href":"https:\/\/api.w.org\/{rel}","templated":true}]}}

Fußballkindergarten

<h4 style="text-align: center;"> <span style="font-size: 20px; color: #008000;"><strong><span style="font-family: arial,helvetica,sans-serif;">Zweckler &#8211; Fussballzwerge Jahrgang 2021</span></strong></span></h4>
<p><!--more--></p>
<p style="text-align: center;"><span style="font-size: 24pt;"><strong>Foto folgt!</strong></span></p>
<p>Wie in den vergangenen Jahren bietet der SV Zweckel auch für die kommende Saison wieder<br />
seinen Fussballkindergarten für Jungen und Mädchen an.</p>
<p>Das Angebot richtet sich an alle fußballbegeisterten Kindergartenkinder des Jahrgangs<br />
2021. Der Fussballkindergarten findet einmal in der Woche statt und soll den Kindern Spaß<br />
an der Bewegung und Freude am Fussball vermitteln. Es werden motorisch-koordinative und<br />
fussballspezifische Bewegungsabläufe geschult.</p>
<p>Durch den natürlichen Spiel- und Bewegungsdrang werden die Kinder an den Fussball<br />
herangeführt. Die Kinder können so erste Erfahrungen im Bereich Teamfähigkeit und trainieren<br />
in einer Gruppe sammeln. Anschließend besteht dann die Möglichkeit in die G-Jugend<br />
des SV Zweckel zu wechseln.</p>
<h5><strong>Trainerin:</strong></h5>
<p>Vanessa Maßeling (Inhaberin FLVW Kindertrainerzertifikat)</p>
<h5><strong>Trainingszeit:</strong></h5>
<p>Freitag: 16:30 &#8211; 17:30 Uhr</p>
<h5><strong>Kontakt:</strong></h5>
<p>0173 / 6342228</p>
